23 a multiple of 64?
False
Does 49 divide 2009?
True
Does 27 divide 13365?
True
Is 1812 a multiple of 89?
False
Is 5 a factor of 3119?
False
Does 8 divide 991?
False
Is 58 a factor of 3154?
False
Is 11250 a multiple of 25?
True
Is 2888 a multiple of 19?
True
Is 8704 a multiple of 96?
False
Is 16 a factor of 1984?
True
Is 4140 a multiple of 92?
True
Does 52 divide 20956?
True
Is 150 a multiple of 5?
True
Does 4 divide 92?
True
Is 142 a factor of 4507?
False
Is 12 a factor of 13068?
True
Does 16 divide 2671?
False
Does 34 divide 1705?
False
Does 10 divide 5634?
False
Is 915 a multiple of 3?
True
Is 122 a multiple of 4?
False
Is 88 a multiple of 22?
True
Is 10 a factor of 20538?
False
Is 55 a factor of 339?
False
Does 32 divide 288?
True
Is 3337 a multiple of 47?
True
Does 63 divide 1569?
False
Does 15 divide 5475?
True
Does 6 divide 1620?
True
Is 38511 a multiple of 121?
False
Is 32 a factor of 25842?
False
Does 94 divide 63450?
True
Is 970 a multiple of 97?
True
Is 5 a factor of 725?
True
Does 22 divide 6358?
True
Does 14 divide 340?
False
Is 84 a factor of 3864?
True
Is 30 a factor of 1650?
True
Is 2260 a multiple of 5?
True
Is 10 a factor of 26720?
True
Is 589 a multiple of 31?
True
Does 108 divide 549?
False
Is 534 a multiple of 81?
False
Does 25 divide 125?
True
Is 46 a factor of 12282?
True
Does 82 divide 6150?
True
Does 30 divide 1560?
True
Is 226 a multiple of 19?
False
Is 27 a factor of 73926?
True
Does 10 divide 546?
False
Does 7 divide 3791?
False
Is 13 a factor of 19837?
False
Is 2397 a multiple of 17?
True
Is 601 a multiple of 12?
False
Is 7176 a multiple of 78?
True
Is 8745 a multiple of 55?
True
Is 10530 a multiple of 65?
True
Does 64 divide 1216?
True
Does 20 divide 11940?
True
Is 42 a factor of 5963?
False
Does 9 divide 1161?
True
Is 75449 a multiple of 10?
False
Does 45 divide 56138?
False
Is 3828 a multiple of 13?
False
Is 3900 a multiple of 26?
True
Is 115 a multiple of 10?
False
Is 97 a factor of 8924?
True
Is 41 a factor of 246?
True
Does 22 divide 27?
False
Is 5005 a multiple of 143?
True
Is 7 a factor of 301?
True
Is 20160 a multiple of 21?
True
Is 360 a multiple of 20?
True
Does 27 divide 1636?
False
Is 26416 a multiple of 8?
True
Does 42 divide 81564?
True
Does 29 divide 696?
True
Is 33 a factor of 3102?
True
Is 14100 a multiple of 75?
True
Is 522 a multiple of 87?
True
Does 152 divide 11144?
False
Is 2394 a multiple of 18?
True
Is 23370 a multiple of 82?
True
Does 63 divide 1474?
False
Is 16 a factor of 21558?
False
Is 4324 a multiple of 27?
False
Is 11 a factor of 1078?
True
Is 388 a multiple of 64?
False
Is 3825 a multiple of 15?
True
Is 24 a factor of 1704?
True
Is 7090 a multiple of 7?
False
Is 705 a multiple of 5?
True
Does 26 divide 182?
True
Is 3 a factor of 3293?
False
Does 2 divide 37?
False
Is 9 a factor of 926?
False
Does 5 divide 50543?
False
Is 683 even?
False
Does 8 divide 413?
False
Is 21 a factor of 714?
True
Is 13 a factor of 1189?
False
Is 768 a multiple of 64?
True
Is 18 a multiple of 3?
True
Is 5451 a multiple of 23?
True
Is 9724 a multiple of 3?
False
Is 3034 a multiple of 41?
True
Is 56 a factor of 88820?
False
Is 18 a factor of 4698?
True
Is 11052 a multiple of 12?
True
Does 27 divide 1959?
False
Is 2574 a multiple of 39?
True
Is 1395 a multiple of 15?
True
Is 2200 a multiple of 20?
True
Is 13 a factor of 1599?
True
Is 28 a factor of 697?
False
Does 30 divide 1050?
True
Is 45333 a multiple of 73?
True
Is 9078 a multiple of 102?
True
Is 554 a multiple of 3?
False
Is 6 a factor of 88?
False
Is 407 a factor of 11280?
False
Is 6 a factor of 548?
False
Is 16 even?
True
Is 35 a factor of 440?
False
Is 196 a multiple of 4?
True
Is 8 a factor of 2216?
True
Does 23 divide 69?
True
Is 19 a factor of 513?
True
Is 7 a factor of 89?
False
Is 46105 a multiple of 20?
False
Is 788 a multiple of 13?
False
Does 40 divide 560?
True
Does 10 divide 219?
False
Does 137 divide 3013?
False
Is 14508 a multiple of 31?
True
Is 7625 a multiple of 222?
False
Is 3543 a multiple of 33?
False
Does 74 divide 51060?
True
Is 238 a multiple of 23?
False
Is 672 a multiple of 8?
True
Does 27 divide 195?
False
Is 34 a factor of 617?
False
Is 213 a multiple of 13?
False
Is 153 a factor of 5508?
True
Is 39910 a multiple of 239?
False
Does 6 divide 219?
False
Is 901 a multiple of 2?
False
Is 16 a factor of 1735?
False
Is 5 a factor of 8170?
True
Is 14 a factor of 1346?
False
Is 6 a factor of 59982?
True
Is 7102 a multiple of 53?
True
Is 756 a multiple of 63?
True
Is 429 a multiple of 32?
False
Does 66 divide 1056?
True
Is 10929 a multiple of 38?
False
Is 828 a multiple of 23?
True
Is 178 a multiple of 3?
False
Is 452 a multiple of 57?
False
Is 3 a factor of 2832?
True
Is 100620 a multiple of 26?
True
Does 46 divide 414?
True
Does 33 divide 528?
True
Is 38 a factor of 67865?
False
Does 21 divide 924?
True
Is 28 a factor of 1741?
False
Is 4210 a multiple of 18?
False
Does 68 divide 34136?
True
Does 13 divide 286?
True
Is 162 even?
True
Is 854 a multiple of 14?
True
Is 781 a multiple of 25?
False
Does 31 divide 1693?
False
Is 133 a multiple of 7?
True
Is 22 a factor of 108307?
False
Is 4 a factor of 263?
False
Is 722 a multiple of 17?
False
Does 6 divide 162?
True
Does 19 divide 164?
False
Is 34 a factor of 70278?
True
Is 20 a factor of 20115?
False
Is 4 a factor of 236?
True
Does 21 divide 4060?
False
Is 116 a factor of 30330?
False
Is 9622 a multiple of 21?
False
Does 16 divide 48688?
True
Is 6293 a multiple of 62?
False
Is 18734 a multiple of 29?
True
Does 52 divide 1660?
False
Does 89 divide 1231?
False
Is 946 a multiple of 11?
True
Does 71 divide 10288?
False
Is 51 a factor of 27030?
True
Does 7 divide 1022?
True
Does 14 divide 51870?
True
Does 130 divide 12350?
True
Is 9 a factor of 20277?
True
Does 99 divide 3762?
True
Is 3182 a multiple of 43?
True
Does 28 divide 1764?
True
Does 17 divide 120?
False
Is 4034 a multiple of 70?
False
Does 136 divide 5204?
False
Is 35 a factor of 1365?
True
Is 1570 a multiple of 47?
False
Is 26 a multiple of 13?
True
Is 58 a factor of 296?
False
Does 39 divide 4563?
True
Does 20 divide 7303?
False
Is 3592 a multiple of 126?
False
Does 33 divide 5852?
False
Is 177 a factor of 17201?
False
Is 49 a factor of 2651?
False
Is 11 a factor of 31372?
True
Does 9 divide 1079?
False
Does 8 divide 42?
False
Is 3800 a multiple of 76?
True
Is 2270 a multiple of 75?
False
Does 6 divide 3639?
False
Is 7 a factor of 808?
False
Is 384 a multiple of 7?
False
Does 3 divide 808?
False
Is 31059 a multiple of 203?
True
Is 8 a factor of 1615?
False
Does 8 divide 2393?
False
Does 14 divide 518?
True
Is 34 a factor of 850?
True
Does 20 divide 180?
True
Does 4 divide 490?
False
Is 30 a factor of 2826?
False
Is 35 a factor of 1362?
False
Does 106 divide 445?
False
Is 31 a factor of 5982?
False
Is 168 a multiple of 21?
True
Is 7 a factor of 728?
True
Does 33 divide 693?
True
Is 2478 a multiple of 21?
True
Does 11 divide 341?
True
Is 33 a factor of 594?
True
Is 106 a factor of 46322?
True
Is 8 a factor of 4361?
False
Is 25 a factor of 82?
False
Does 17 divide 4475?
False
Does 31 divide 21142?
True
Is 12 a factor of 3348?
True
Does 81 divide 26001?
True
Is 168 a factor of 5712?
True
Is 29634 a multiple of 25?
False
Is 275 a multiple of 25?
True
Is 6 a factor of 146?
False
Does 29 divide 928?
True
Does 17 divide 33657?
False
Does 97 divide 6984?
True
Does 79 divide 237?
True
Is 1236 a multiple of 12?
True
Is 10 a factor of 877?
False
Does 2 divide 69?
False
Does 30 divide 775?
False
Is 3956 a multiple of 86?
True
Does 17 divide 21947?
True
Is 33 a factor of 2224?
False
Does 36 divide 8856?
True
Is 409 a multiple of 5?
False
Is 462 a multiple of 21?
True
Is 9901 a multiple of 63?
False
Is 8 a factor of 304?
True
Is 34 a factor of 58168?
False
Does 8 divide 810?
False
Is 3201 a multiple of 33?
True
Is 1717 a multiple of 7?
False
Does 13 divide 2159?
False
Does 6 divide 2652?
True
Does 6 divide 159?
False
Does 21 divide 155?
False
Is 14 a factor of 6154?
False
Is 1399 a multiple of 58?
False
Does 42 divide 840?
True
Is 3597 a multiple of 33?
True
Is 16 a factor of 6722?
False
Is 18 a factor of 360?
True
Is 3288 a multiple of 8?
True
Is 558 a multiple of 33?
False
Is 4 a factor of 768?
True
Is 44 a factor of 2800?
False
Does 27 divid